hat is -1201222211 + 11122001?
-1120100210
In base 6, what is 143 - -453533341?
453533524
In base 14, what is 5c9 + 129b?
1886
In base 16, what is -92b - 2789?
-30b4
In base 8, what is 1 - 3527154?
-3527153
In base 11, what is 369576 + 32?
3695a8
In base 10, what is -3 - -163440747?
163440744
In base 12, what is -1963 - 3307?
-506a
In base 16, what is -e9 - -61f92?
61ea9
In base 16, what is -9 + 15d7f4?
15d7eb
In base 4, what is -11333020330011 - 2?
-11333020330013
In base 15, what is 91 - -3a234?
3a2c5
In base 14, what is -58034 + -71?
-580a5
In base 14, what is 1dccd74 + 4?
1dccd78
In base 12, what is 12272a + -5?
122725
In base 13, what is 352cc + 139?
35438
In base 4, what is 1013303310302 + 10?
1013303310312
In base 3, what is -101212011 - 1022202021?
-1201121102
In base 16, what is 69 + -38d6?
-386d
In base 4, what is -2120012210303 - -3?
-2120012210300
In base 13, what is 13 + 543ac?
543c2
In base 15, what is 3 + -1e77?
-1e74
In base 11, what is 66246 - 49?
661a8
In base 15, what is 4 + -2692075?
-2692071
In base 3, what is 1200222111 - -1?
1200222112
In base 10, what is -21 + -1214727?
-1214748
In base 11, what is 631a726 + 4?
631a72a
In base 14, what is 78d - 13cc?
-a3d
In base 2, what is -1100100110001101 + -110110?
-1100100111000011
In base 11, what is 365 - -18955?
1920a
In base 15, what is 23a - 5c7c?
-5a42
In base 14, what is 175ad0 + 0?
175ad0
In base 14, what is 517 - -651a2?
656b9
In base 10, what is -501 + -262?
-763
In base 5, what is 210020241202 + 0?
210020241202
In base 13, what is -321a0 + -135a?
-3352a
In base 3, what is -222112 - -1220121000?
1212121111
In base 10, what is 3965148 - 4?
3965144
In base 13, what is 10ca211 - 42?
10ca19c
In base 7, what is -1 - -4646230?
4646226
In base 8, what is 1321060 - -1756?
1323036
In base 10, what is -36247 + -136?
-36383
In base 4, what is -30132100112 - -1?
-30132100111
In base 5, what is -343100 + -4414?
-403014
In base 14, what is 1b8a8 + -164?
1b744
In base 10, what is -62822379 - 0?
-62822379
In base 5, what is -1442421 - 33202?
-2031123
In base 12, what is -11a86aa + -8?
-11a86b6
In base 16, what is -6f5 + -280c?
-2f01
In base 15, what is -2c65c + 62?
-2c5ea
In base 15, what is 2e - bdc15?
-bdbd6
In base 4, what is 1113002 - -333112?
2112120
In base 9, what is 860 - 18022?
-17052
In base 8, what is -37473 - 262?
-37755
In base 9, what is -7311 + -10330?
-17641
In base 7, what is -4125 + 3651?
-144
In base 2, what is -11 - 1001010010000001010100010101?
-1001010010000001010100011000
In base 9, what is 317 - -221274?
221602
In base 9, what is -61 - 164831?
-165002
In base 7, what is 1056 + -4201665?
-4200606
In base 4, what is 0 + -1332112020?
-1332112020
In base 8, what is 1452034 + -20?
1452014
In base 13, what is 611b - ac94?
-4b76
In base 16, what is 5b + -4a5256?
-4a51fb
In base 12, what is -81ab525 + 24?
-81ab501
In base 11, what is -58048 - -56?
-57aa2
In base 6, what is -13044310441 - 1?
-13044310442
In base 15, what is 33 + 181be?
18202
In base 15, what is -1a6b16 + 2?
-1a6b14
In base 7, what is -35126 - -25535?
-6261
In base 6, what is 5535023 - -2055?
5541122
In base 16, what is -c - -384b6e?
384b62
In base 10, what is -62 - 6210108?
-6210170
In base 7, what is -11430652 + 6?
-11430643
In base 13, what is 176451 + -34?
17641a
In base 12, what is -22 - -71a7698?
71a7676
In base 5, what is 113022 - 223102?
-110030
In base 13, what is -104c + 71826?
707a7
In base 11, what is 263 + -3478?
-3215
In base 5, what is 0 + 1004240003?
1004240003
In base 11, what is -16 + -316a088?
-316a0a3
In base 11, what is -16815 + 795?
-16030
In base 6, what is -105140330 + -4?
-105140334
In base 5, what is -10 - -10332224321?
10332224311
In base 8, what is -345 - -3332535?
3332170
In base 15, what is 9045705 - 3?
9045702
In base 3, what is 20011100202110110 - 20?
20011100202110020
In base 5, what is 41400443 + -4010?
41341433
In base 16, what is c7 - b62?
-a9b
In base 5, what is 11031 + -4134201?
-4123120
In base 3, what is 1022202120 + -12102?
1022120011
In base 3, what is -2101022 - -20210101?
11102002
In base 16, what is 1e6 - 3b588?
-3b3a2
In base 15, what is 15a - ded7?
-dd7c
In base 15, what is c + a7cd58?
a7cd65
In base 12, what is 43759 + -8b?
4368a
In base 7, what is -36612245 - 2?
-36612250
In base 10, what is -138 - 419466?
-419604
In base 10, what is -157225323 + 0?
-157225323
In base 14, what is 0 - 547233?
-547233
In base 8, what is -1300167027 - 1?
-1300167030
In base 5, what is 4413230 + -13132?
4400043
In base 6, what is -11144 + 1111320?
1100132
In base 5, what is -3 - -12242242000?
12242241442
In base 11, what is 844982a + -3?
8449827
In base 9, what is -36548 + -575?
-37234
In base 13, what is -38125 - 14?
-38139
In base 16, what is -4 - -be6f93?
be6f8f
In base 12, what is -2879 + -652a3?
-67b60
In base 13, what is -641 + -18c3?
-2234
In base 10, what is 0 - 3003813?
-3003813
In base 12, what is -53847b6 + 0?
-53847b6
In base 16, what is -29c7 - -3a2?
-2625
In base 11, what is 952a + 207?
9736
In base 3, what is -121011222100011220 + 10?
-121011222100011210
In base 2, what is -100 + 1111100101100000001001000?
1111100101100000001000100
In base 9, what is -684 - 55566?
-56361
In base 9, what is -72767 + 230?
-72537
In base 2, what is -111 - -111110000001010100001?
111110000001010011010
In base 5, what is -112 - -1213321141?
1213321024
In base 5, what is 11032042424 - 23?
11032042401
In base 11, what is 15a65a30 + -3?
15a65a28
In base 4, what is 302211 - 3132210?
-2223333
In base 14, what is -4 - 1211ba9?
-1211bad
In base 13, what is -22 - -17930?
1790b
In base 7, what is 446443033 + -2?
446443031
In base 4, what is -1 + -20332231332?
-20332231333
In base 3, what is 10221 - -1011121021121?
1011121102112
In base 9, what is 5 + -10166005?
-10166000
In base 13, what is bc04c6 - 12?
bc04b4
In base 3, what is 2222211122 + 101020?
10000012212
In base 10, what is -1 - -5198845?
5198844
In base 12, what is 2 - -2726405?
2726407
In base 3, what is -102111212121121 + -21?
-102111212121212
In base 13, what is -8780c + 407?
-87405
In base 7, what is 5 - 150515062?
-150515054
In base 15, what is 0 + -1a4aee3?
-1a4aee3
In base 4, what is -331120132000 + -11?
-331120132011
In base 12, what is -1731a43 + a?
-1731a35
In base 8, what is -3 + -124063227?
-124063232
In base 2, what is 10101011111011 + 110111011101000?
1001100111100011
In base 12, what is 5 - -626350?
626355
In base 2, what is -1011110110010111010 - -1101?
-1011110110010101101
In base 5, what is -21 + 10200211011?
10200210440
In base 11, what is 13043 - 98?
12a56
In base 8, what is 5005372644 + -3?
5005372641
In base 7, what is 1534466 + 24?
1534523
In base 7, what is -2 + 245340040?
245340035
In base 7, what is 310402 - 4?
310365
In base 15, what is -1ecb - -24c7?
4eb
In base 4, what is 30311 + 213023?
310000
In base 4, what is 3321310 - 2231013?
1030231
In base 11, what is 18121401 + -3?
181213a9
In base 5, what is -2 + 2034232114?
2034232112
In base 13, what is -1928337 - -4?
-1928333
In base 12, what is 9705 + -24a?
9477
In base 15, what is -6e566ea4 + -4?
-6e566ea8
In base 8, what is 3 - 11642652?
-11642647
In base 13, what is -5598 - -181?
-5417
In base 16, what is 3a7 + 616f?
6516
In base 15, what is -614 - -3063b?
30027
In base 6, what is -105525155323 - 5?
-105525155332
In base 14, what is -418c1 + -d9?
-419ba
In base 14, what is -10c - -12459?
1234b
In base 3, what is 22020220101202 - 0?
22020220101202
In base 2, what is -110111011111010111 - 110110111111?
-111000010110010110
In base 12, what is -6 + 177697a?
1776974
In base 15, what is 52844 - -33?
52877
In base 8, what is 716377 + 174?
716573
In base 6, what is 531 - -34533410?
34534341
In base 6, what is 10 - 210153345?
-210153335
In base 5, what is -4 + 4411244?
4411240
In base 8, what is 153771 + -342?
153427
In base 11, what is 63947 - -59?
639a5
In base 15, what is a4a135 - 3c?
a4a0e8
In base 4, what is -333303303210 - 3?
-333303303213
In base 10, what is 240468970 + -2?
240468968
In base 5, what is 2 + 12431203132?
12431203134
In base 16, what is 1f + 23917c?
23919b
In base 7, what is -1 - -1021363520?
1021363516
In base 4, what is -1301231 - 101310202?
-103212033
In base 6, what is -54231230 - 2?
-54231232
In base 11, what is 374 - -11816?
1208a
In ba